 4). Let w be -1*2 - m - 4. What is the units digit of (-4)/((-3)/w - 1)?
8
Suppose -5*r = 10 - 25. Suppose 0 = 4*n - r*s - 4 - 73, -41 = -2*n + s. What is the units digit of n?
3
What is the tens digit of (4*-3)/4 - -34?
3
Let v = -168 + 241. Suppose c + 0*c - 1 = 0, -3*c = -4*w + v. What is the units digit of w?
9
Suppose 3*r = -4*z + 149, -z = -r + 5*r - 203. Let f = -29 + r. What is the units digit of f?
2
Let l(u) = 6*u - 1. Let n be l(3). Suppose -n = 2*y - 43. What is the units digit of y?
3
Let w be (-24)/(-14) + 10/35. Suppose f - w*b - 31 = 0, -4*f = -5*f - b + 46. What is the tens digit of f?
4
Let x(k) = 4*k**2 - 2*k + 2. Let c be x(3). Suppose c = 3*o + o. What is the units digit of o?
8
Suppose 2*a - 22 = 92. What is the units digit of a?
7
Let d(c) = 5*c**2 + 3*c - 6. What is the units digit of d(4)?
6
Suppose 0 = 3*m - m - 4. Suppose -9 = -m*u + 5. What is the units digit of u?
7
Suppose 0 = -5*o + 20, j + 5*o - 2*o - 22 = 0. What is the units digit of j?
0
Let s(b) = -4*b. Let f = 7 + -10. Let i be s(f). Suppose -12 = -3*p + i. What is the units digit of p?
8
Let t(h) be the third derivative of h**6/120 - h**5/30 - h**4/8 + 5*h**3/3 + 9*h**2. What is the units digit of t(4)?
0
Suppose 0*u + 6 = 3*u. Suppose u*d + 8 = 42. Let n = -9 + d. What is the units digit of n?
8
Let x be (-7)/(-3) - (-6)/9. Let d = 3 - x. Suppose d = a + 2 - 17. What is the tens digit of a?
1
Let h(z) = 2*z**3 + 3*z**2 + 3*z + 2. Let g be h(-2). What is the units digit of (5/2)/((-2)/g)?
0
Let u = -76 + 134. What is the tens digit of u?
5
Suppose 6*u + 16 = 8*u. What is the units digit of u?
8
Let y be (-8)/6*9/(-6). Let s be (-2 - 0)/y*-2. Suppose 0 = s*t + 3*t - 60. What is the units digit of t?
2
Let b = 51 + 55. What is the units digit of b?
6
What is the tens digit of (22/(-33))/((-1)/102)?
6
Let z(u) = -7*u - 3. What is the units digit of z(-5)?
2
Let i = 5 + -5. Suppose 4 = -i*b + b. What is the units digit of b?
4
Let f(g) = -g**3 + 4*g**2 + 8*g - 7. Let r be f(5). Suppose m = -3*m + r. Let t(q) = -q**3 + 4*q**2 - 3*q + 3. What is the units digit of t(m)?
5
Let s(i) = 2*i + 18. What is the units digit of s(0)?
8
Suppose n = -n + 156. What is the units digit of n?
8
What is the tens digit of -2*11/(44/(-80))?
4
Suppose -4*z = 2*k - 58 + 144, -34 = 2*z - 2*k. Let l be z*(3 + 9/(-2)). Suppose -2*q - 4 = 0, 0*s + l = 2*s - 2*q. What is the units digit of s?
3
Let p(u) be the third derivative of -u**4/8 + u**3/6 + 3*u**2. What is the units digit of p(-1)?
4
Suppose 0 = -a + 5*i + 56, 0 = 4*a - 3*i + 5*i - 224. Let x be 44/12 - 2/3. Suppose -a = -4*v - 5*t, 7*v + t - 56 = x*v. What is the units digit of v?
4
Let j(x) = 20*x**2. Let k be j(1). Suppose -d = d - k. Suppose c + c = d. What is the units digit of c?
5
Let t(d) = -2*d**2 + 15*d - 3. Let w be t(7). Suppose 3*y + 2 = -w*j - 1, 4*j + 6 = -2*y. What is the units digit of y?
3
What is the hundreds digit of (-3)/(-1*-2*4/(-552))?
2
Let v be (0*2/(-2))/(-2). Suppose -2*c - 2 + 36 = v. What is the tens digit of c?
1
Let k = 3 - -2. Suppose 2*a + k = 13. Suppose z - 2 - 6 = 4*g, -18 = -a*z + 2*g. What is the units digit of z?
4
Suppose 0 = g - n - 367, -8*n + 1849 = 5*g - 6*n. What is the units digit of g?
9
Let v be 8/6*(-9)/(-6). Suppose -o - 2 = -2*u - 0*u, -o + v = 0. What is the units digit of 6*2/u*1?
6
Suppose 0 = -5*s + 2*s - 3*x, 0 = -4*s + 3*x - 35. Let a = s - -7. What is the units digit of a?
2
Let t = -7 + 12. Suppose -t*z = 3*c - 29, 0*c - 37 = -5*z + c. What is the units digit of z?
7
Let z(w) = w**3 - 5*w**2 - 5*w + 8. Let t be z(6). Suppose -20 = 5*f, -3*m + f = -f - t. What is the units digit of m?
2
Let x(k) = 2*k - 7. Let n(w) = -w + 6. Let t(m) = -3*n(m) - 2*x(m). Let h(a) = -14*a**2 + 2*a - 1. Let c be h(1). What is the units digit of t(c)?
9
Suppose 4 = -4*g - 3*v + 34, -3*v = -6. What is the units digit of g?
6
Let i(a) = -67*a + 12. What is the units digit of i(-3)?
3
Let u(s) = s - 4. Let d be u(6). Suppose -27 = 2*b - 3*v, 0 = -b - v - 1 - 15. What is the units digit of b/(-2)*4/d?
5
Let f(a) = a**3 - 12*a**2 + 12*a + 2. What is the units digit of f(12)?
6
Let g = 48 - 19. What is the units digit of g?
9
Let o be (-2)/(-3)*(-852)/(-8). Let b = -34 + o. What is the tens digit of b?
3
Let a(u) = u**2 + 7*u + 4. Let g be a(-7). Let d = 3 + g. What is the units digit of d?
7
What is the tens digit of 274 + 3 + 2 + 1?
8
Suppose 3*i = 4*c + 182, 0 = 5*i - 9 - 1. Let k = -29 - c. What is the units digit of k?
5
What is the tens digit of (-129)/(-4) - (-2)/(-8)?
3
What is the tens digit of 1/(-1)*(-35 + -2)?
3
Let u = 30 - 24. What is the units digit of u?
6
Let a = -33 - -85. Suppose -4*q + 4*l = -a, 3*q - 3*l - 35 = -l. What is the units digit of q?
9
Suppose 0 = -3*h + 9, 0*t + 3*t = -h + 243. What is the units digit of t?
0
Let d(g) = 39*g**3 - 1. What is the tens digit of d(1)?
3
Suppose 0 = 2*n + n - 57. Suppose -o = -3*o + 70. Let d = o - n. What is the tens digit of d?
1
Suppose 0 = 4*z + 3*f - 112, 5*z - 51 = -5*f + 94. Suppose 4*v - 31 = z. What is the units digit of v?
4
Let b(v) = 17*v + 27. What is the hundreds digit of b(11)?
2
Let b(g) be the first derivative of g**4/4 + 4*g**3/3 + g**2/2 + 2. Suppose 4*z = -5*j + 5, -4*j + 0 = 3*z - 3. What is the units digit of b(j)?
6
Suppose 2*m + 24 = -2*m. Let i(w) = -w**2 + 8 - w + w - 5*w. What is the units digit of i(m)?
2
Let o(m) = m + 1. Let y be o(4). Suppose -l = -y*l + 12. What is the units digit of l?
3
Let y be (1 + 0)*(1 - -3). Suppose -16 = -0*d - y*d. Suppose -3*h = -9, 4*t = d*h + 2 - 6. What is the units digit of t?
2
Suppose 0 = 2*q + 20 - 100. What is the tens digit of q?
4
Let a(u) = -2*u - 7. Let y be ((-4)/6)/((-2)/(-18)). Let p be a(y). What is the units digit of p - (1 - 0)*2?
3
Suppose -10 = -4*k + 6. Suppose s + 5 + 2 = o, -22 = -2*o + k*s. Suppose 23 = o*f + 2. What is the units digit of f?
7
Let r(u) = u**3 + 6*u**2 - 5*u - 1. Let q be r(-7). Let b = 2 - q. Let c = 25 - b. What is the units digit of c?
8
Let r(z) = 5*z**2 - 6*z - 3. Let q be r(5). Let o = 47 - q. What is the units digit of (-2)/(-3)*o/(-6)?
5
Let y = 73 + -168. What is the units digit of 3/12 - y/4?
4
Let u be 6 + -4 - (-2 - 0). Suppose 5*n = -2*r + 30, 2*r - u*n - n = 10. What is the units digit of r?
0
Let p(w) = -1. Let x(m) = m + 19. Let q(c) = -4*p(c) + x(c). What is the units digit of q(-14)?
9
Let f be 54/7 - 6/(-21). Suppose -2*w - f = 4. Let n = w + 11. What is the units digit of n?
5
Let a be (-1)/2*2 - 1. Let z be 10*(12/5 + a). What is the units digit of -2*5*(-2)/z?
5
Let u = 30 - 21. What is the units digit of u?
9
Let s be 8/(-28) + (-32)/(-14). Let u be -1*(s - (-2 - -7)). Suppose 0 + 4 = -h - 3*q, -3*q = u*h - 6. What is the units digit of h?
5
Let b = -2 + 2. Suppose 3*j + 3*l - 33 = b, 0*j - 3*l = -5*j + 23. What is the units digit of j?
7
Suppose -3*b + 2*b = 18. Let r = b - -25. Suppose r*f = 5*f + 20. What is the units digit of f?
0
Suppose -2*o = 3*o + 15. Let c be o + 13 + 2/(-2). Suppose c = x - 0. What is the units digit of x?
9
Let p = 2 - -1. Suppose -s - 78 = -p*s - 4*n, -n = -2*s + 63. What is the tens digit of s?
3
Let a = 10 + 12. What is the units digit of a?
2
Let i = 74 + -42. Suppose 98 + i = 5*h. What is the units digit of h?
6
Let a = 1 - 1. Let s = a + 10. What is the units digit of s?
0
Suppose -2*g = -g + 3. Let i(r) = -3*r**2 - 4*r - 2. Let l be i(g). Let m = l - -29. What is the tens digit of m?
1
Suppose -2*j - x - 9 = -30, 5*j = x + 70. What is the tens digit of j?
1
Let a(j) = -j**3 - 7*j**2 + 10*j + 11. Let p be a(-8). Let y = -4 - p. What is the units digit of 4 + -2 - y*-1?
3
Suppose -2*t + 12 = t. What is the units digit of t?
4
Let z = 24 + -176. What is the tens digit of 2/(-6) - z/6?
2
Suppose 2*h - 8 = -2*h. Suppose 3*b = 3, -2*l - h*l + 4*b + 56 = 0. What is the units digit of l?
5
Let l = 3 + 36. Let s = l - 26. What is the units digit of s?
3
Let h(f) be the third derivative of 0*f + 1/24*f**4 + 1/12*f**5 + 0 + f**2 - 1/6*f**3. What is the units digit of h(1)?
5
Let b(x) = 2*x + 10. Let w be b(-7). Let t(l) = 2*l + 6. Let c be t(-4). Let a = c - w. What is the units digit of a?
2
What is the units digit of ((-18)/24)/((-1)/324)?
3
Let o = 672 + -420. What is the hundreds dig